prime?
False
Let c be (-20)/(-9) - (-12)/(-54). Suppose 0 - 44 = -c*j. Let u = j + 372. Is u composite?
True
Let o = 45031 + -24560. Is o prime?
False
Suppose 120*t - 43735 = 119*t - 4*l, -t + 2*l + 43753 = 0. Suppose 4*q = -5*k + t, 0*q - q + 26244 = 3*k. Is k prime?
True
Suppose 0 = 5*r - 16453 - 6562. Let o = -1438 + r. Suppose -6*g - o = -11*g. Is g a composite number?
True
Let p = 5425 - -5102. Suppose 8*u - p = -3415. Is u a composite number?
True
Let x = 56 + -53. Suppose -14 = -3*g + 1. Suppose x*f + 29 = g*f + 5*v, -3*f = 3*v - 57. Is f a prime number?
False
Let u = 1580 + -1103. Let i = 0 + -164. Let y = u - i. Is y prime?
True
Suppose 826 = -3*m + 3562. Let f = m + -1320. Let i = f + 1215. Is i prime?
False
Let t = -483290 + 1458547. Is t a composite number?
False
Let s(r) = 242*r**2 - 15*r - 304. Is s(-49) a composite number?
False
Let y = -151 - -160. Suppose 3*w = -y, -15*z + 4*w + 4747 = -14*z. Is z composite?
True
Suppose -36 = -3*a - 5*w, -3*a + 4*w - 19 = -4*a. Let n(j) = 396*j - 53. Is n(a) composite?
False
Is 77/((-9702)/888636)*(1 + 10/(-4)) prime?
False
Suppose -5*l + 15*v - 16*v = -95143, 3*l - 57097 = 5*v. Is l a prime number?
False
Let h = 171893 - 110044. Is h a composite number?
True
Suppose 306 = 2*l + 300. Suppose -15359 = -l*j + 2143. Is j a prime number?
False
Suppose 5*s = -5*y + 194920, -14*s + 13*s - 3*y + 38974 = 0. Is s a prime number?
False
Suppose 0*b = 6*b + 4176. Let t be (1/4)/((-6)/b). Suppose -766 = -p - t. Is p composite?
True
Let n(d) = 919*d**2 + 4*d + 4. Suppose 4*o + 4*g = g + 5, 0 = o - 4*g - 25. Suppose -15 = -5*a - 5*v, -o*v + 10*v - 20 = 0. Is n(a) composite?
False
Let v(d) = -d**3 - 13*d**2 - 5*d + 16. Let p be v(-9). Suppose -3*u + 74 + 148 = 0. Let k = u - p. Is k a prime number?
True
Suppose -2*i + 7853 = 3*r, -5*i + 6*i = -5. Let d = r - 1458. Is d prime?
True
Is 101753 - (3 - (2/3 + 63/27)) composite?
True
Suppose 8 = -2*a - 3*f, -3*a = -6*a - 5*f - 12. Let n(t) = 6*t**2 - 13. Is n(a) a prime number?
True
Suppose 16*f - 33 = 47. Let s(z) = 925*z + 6. Is s(f) a composite number?
True
Suppose -4*p + 7*o = 4*o - 16, -5*p + 4*o = -20. Is (8 + (-77456)/(-24))*6/p composite?
True
Let j(d) = 471*d**2 + 2*d - 27. Let n be j(-5). Let m = 22917 - n. Is m prime?
False
Let n = 19868 + -20488. Let z(k) = -1250*k**3 - 2*k - 1. Let m be z(-1). Let l = n + m. Is l a composite number?
False
Let b = 18394 - 7501. Suppose 0 = 13*o + 922 - b. Is o composite?
True
Suppose 2*k - k = -5*j - 131255, 2*j + 52515 = -3*k. Let q = 2589 - j. Is q prime?
False
Let q(g) = 10*g**2 - 9*g - 33. Suppose 262 = 27*p - 8. Is q(p) a composite number?
False
Let i(q) = 56*q**2 - 22*q - 214. Is i(12) a composite number?
True
Suppose 0 = 92*q - 66*q - 5250362. Is q composite?
False
Suppose -96*w - 562221 = -99*w. Suppose -11*l + w = 16*l. Is l composite?
True
Suppose -5*u + 112*g - 107*g - 95 = 0, 3*g = -4*u - 62. Let q(l) = -l**3 + 14*l**2 - 20*l + 6. Is q(u) composite?
True
Let d(x) = -162*x - 24. Let m be (-1 + (-8)/(-6))*(2 + -11). Let l be d(m). Let y = l + 679. Is y a prime number?
False
Suppose 0 = -2*o - i + 23 - 3, 25 = 3*o + 4*i. Suppose 13*v - o*v = 17866. Is v composite?
False
Let u be -1 - (8 - 5) - 4359. Let l = u - -8642. Is l a prime number?
False
Let n = -77508 + 196829. Is n a composite number?
False
Let n(t) = 2123*t**2 - t. Let w(q) be the third derivative of q**5/60 + 3*q**4/8 + 7*q**3/2 - 6*q**2. Let s be w(-5). Is n(s) composite?
True
Let h be (4 - 11 - 7)*(-1)/2. Suppose 2*n - g + 77095 = h*n, 46257 = 3*n + g. Is n composite?
True
Let r(u) = 6*u**2 - 5*u + 80. Suppose 3*w - 23 = m, -5*w + 41 = -0*m - 3*m. Is r(w) composite?
True
Let v be -5 + (-148)/(-28) - 158602/(-14). Suppose 854 = -5*h + v. Is h a prime number?
False
Suppose -7*p = -46 + 18. Suppose -3*j - 36*o + 33*o = -11841, -5*j + 19735 = p*o. Is j composite?
False
Let w(v) be the first derivative of -184*v**2 + 15*v - 1. Let b = -657 - -655. Is w(b) a composite number?
False
Let o be 4722/(-9)*(-279)/6. Suppose 2*x = 2*r - 24396, -7*r + 3*x = -5*r - o. Is r prime?
True
Let p be 5/(20/8) + 28. Let z = -25 + p. Suppose -z*d + d - 12 = 0, 3*i + 5*d - 11364 = 0. Is i a prime number?
True
Let l = 1866516 - 653303. Is l composite?
False
Let s(w) = 80*w**2 + 2*w - 7. Let v(g) be the third derivative of -g**5/60 + 5*g**4/24 + 11*g**3/6 - 16*g**2. Let r be v(7). Is s(r) a prime number?
False
Suppose -8*b + 6 = 70. Let w = b - -22. Suppose -22*d + 19336 = -w*d. Is d a prime number?
True
Is ((5 - 4)/((-9)/(-5325651)))/1 composite?
False
Suppose 0*b = 3*b - r - 33, -r + 44 = 4*b. Let t(a) = -311*a - 44. Let w(d) = -104*d - 15. Let g(o) = -6*t(o) + 17*w(o). Is g(b) a composite number?
False
Let m be -88 - (-4 - (4 - 10)). Is (m/20 - 2/(-4)) + 1403 composite?
False
Let o(h) = 3*h + 1576*h**3 - 53*h**2 + 6 - 2 + 49*h**2. Let a be o(2). Suppose 0 = -3*m + a + 7039. Is m a composite number?
False
Suppose -980077 = -1378*f + 1373*f - 3*v, -196031 = -f + 2*v. Is f a prime number?
False
Let m(a) = -3902*a + 1051. Is m(-45) composite?
False
Let u(h) = 362*h + 10. Let g = -3 - 1. Let i be u(g). Is i/(-3) + 5/(-15) a composite number?
False
Is (3 + 0)/((-825)/(-23238325)) composite?
False
Let h(l) = 388*l - 35. Let u = 306 - 294. Is h(u) a prime number?
True
Let z(k) = 2230*k + 2. Suppose 0 = 7*v - 25 + 4. Let b be z(v). Suppose 9*s - 5*s - b = 0. Is s composite?
True
Let b = 208 + -439. Is (8 + b/28)*(-26084 + 0) a prime number?
True
Let w = 879 - 881. Let d(i) = -1330*i**3 + 2*i**2 - 4*i - 5. Is d(w) prime?
True
Suppose f - 4*f = -2*x + 14, -18 = -4*x + f. Suppose -2*b + 5746 = -x*y, 8623 = -2*b + 5*b - 5*y. Is b prime?
False
Suppose -4516456 = -27*u - 29*u. Is u prime?
True
Let b = -595 - -600. Suppose 2*n = 3*v - 7*v + 7094, b*n - 3*v = 17800. Is n prime?
True
Let g(x) = x**3 + 39*x**2 - 197*x + 319. Is g(50) prime?
True
Let m be (-3)/((-3 - -5)/(-7644)). Suppose 8*y = 11686 + m. Is y a composite number?
True
Let c(l) be the third derivative of 47*l**5/15 - l**4/24 + 31*l**3/6 + 76*l**2. Is c(-8) a prime number?
True
Suppose v = -4*o - 4 - 7, 2*v + 3*o + 17 = 0. Is (-10 - v)*(-1)/((-9)/(-285)) a prime number?
False
Suppose -11 = -3*f + 13. Let d(h) = 799*h + 8 + 3 - 792*h - h**2. Is d(f) composite?
False
Is 1/(29 + -34)*212945*-1 prime?
True
Let m(y) = 6*y**2 - 4*y - 71. Suppose -24*g + 25 = -25*g. Is m(g) a composite number?
False
Suppose -64695 = 2*q - 3*t, 32325 = -q - 27*t + 24*t. Is q/(-7) + (9/(-3) - -4) a composite number?
False
Suppose -7*h + 15 = -4*h. Suppose -3 = 4*m + h. Let g(j) = 157*j**2 - 4*j - 7. Is g(m) composite?
True
Let v = -18 + 38. Suppose -v*z - 12 = -24*z. Suppose 0 = z*g + 4*g - 2317. Is g prime?
True
Is (-49)/21*2011935/(-35) a prime number?
True
Let j = 18570 + 24329. Is j composite?
False
Let h = 772 + 589. Is h a composite number?
False
Is (-549671)/((-12)/(-15) + (-45)/25) a composite number?
True
Let i(t) be the second derivative of -3*t**5/20 - t**4/12 + t**3/3 - 18*t. Let r be i(-2). Is 1468/r - (2 + 10/(-8)) prime?
False
Let w = -10 - -7. Let g(q) = q**3 - 61*q**2 - 69*q + 335. Let a be g(62). Is ((-194)/(-6))/(w/a) - -2 composite?
False
Suppose 167*n + 147*n - 44805405 = 49*n. Is n prime?
False
Let w be 12/(5*2/5). Suppose -9*i - w*i = -150. Is i a prime number?
False
Let m = 51693 + -34142. Is m composite?
False
Let t(i) = 2*i**2 - 7*i + 10. Let w be t(3). Let s(j) = -31*j**2 + 6*j - 61. Let c be s(w). Let f = 2817 + c. Is f prime?
True
Let o(w) = -48*w**3 - 6*w**2 + 11*w + 9. Let d be o(8). Let l = -17494 - d. Is l prime?
True
Suppose -79*f + f + 2796378 = 0. Is f a prime number?
True
Let o = -212 - -13444. Suppose -4*d + 4*f + o = 0, -d - 2*f + 16533 = 4*d. Is d a prime number?
True
Let a(o) = 13*o**2 - 2*o. Let h be a(1). Suppose -h*d + 1107 = -1027. Is d prime?
False
Suppose -2*z = 5*w, -w - z = w + 1. Let k(u) = 80*u**3 + 2*u**2 - 11*u + 3. Is k(w) a composite number?
True
Suppose -4*j = -8, 4*j + 920 = -x - 3*x. Suppose -36*c - 707 - 4873 = 0. Let r = c - x. Is r prime?
False
Suppose -8*j + 9 = -5*j. Let m be 7/7*(-4 + j). Is (11 - -424) + (-2)/m composite?
True
Suppose -w = 2*p - 4, 5*p - 2*w = 17 - 7. Let b = 120 + -120. Suppose -5*d - 2*c + 263 = 0, p*d + c - 4*c - 109 = b. Is d prime?
True
Suppose 31*h = 3576 + 23